 -15?
6
What is -17 - (-2 + 21) - -21?
-15
What is the value of 4 - (-8 - (44 - 27))?
29
Calculate -2 + -1 + (12 - (22 + -18)).
5
What is (-3 - -42) + -44 - (2 + -2 - 46)?
41
-1 + 10 + -1 + (-14 - -4 - -14)
12
(13 - 0) + (-11 - (-10 - -11))
1
Evaluate 2 + 26 - (-669 - -708).
-11
(7 + 2 - (-7 + 7)) + 99 + -88
20
Evaluate 2 + -11 + -8 + 12.
-5
What is -2 + (-10 + 21 + -1 - -13)?
21
What is the value of 16 - 3 - (-6 - -32)?
-13
What is -6 - (-15 + 0 + 5 + 30 + -37)?
11
3 + (-8 + 2 + (-26 - -29) - -4)
4
What is (0 - -9) + (123 - 98)?
34
What is the value of -12 + (-4 - (-1 + -6))?
-9
What is the value of 3 + (-21 - -53) + -14?
21
What is -76 + (0 - -33) - -21?
-22
Calculate -2 + 17 + -19 + 7.
3
Calculate (-4 + 9 - 4) + 8 - 1.
8
What is (22 - -11) + -33 - 29?
-29
(4 - -5) + (1 - -1 - 11)
0
-3 + -4 - 1 - (6 + -2)
-12
What is the value of 26 - ((-10 + 2 - -19) + -4)?
19
Calculate (-2 + -5 - 1) + 26 + -1.
17
Evaluate -15 + (41 - 5) + (2 + -4 - 0).
19
What is -3 - (7 - -2) - -19?
7
What is 10 - (-12 + (-17 - -11) + 7)?
21
Evaluate -251 + 249 - (-1 + 0 - -1 - 15).
13
Evaluate (-29 - -26) + 9 + -1 - 6.
-1
What is -3 + 3 - (80 + -84 - (-3 - 5))?
-4
Calculate 1 - ((1 - 5) + (13 - (10 + -23))).
-21
Calculate -12 + -3 + 16 + 1 + -1 + 17.
18
Evaluate (2 + 1 - (-2 - (0 - 8))) + -4.
-7
What is the value of 2 + -9 + 7 + -8 + -7?
-15
(1 + -29 - -6) + (-6 - -20)
-8
Calculate -7 - (-1 - 0) - (-13 + (-8 - -20)).
-5
Evaluate 29 - (9 + 4) - (-7 + 39).
-16
(-55 - -93) + -51 - (-7 - 1)
-5
What is 5 - (4 - (13 - 15) - -4)?
-5
(27 + 33 - 45) + -14
1
Evaluate -2 + 46 + -43 + (12 - 2).
11
6 - (3 - (7 + -8)) - -25
27
What is (5 + 22 + -8 - -2) + -10?
11
What is the value of -8 + -7 - (-98 - -77)?
6
What is (-20 - (-1 - (5 + (10 - 7)))) + 8?
-3
Calculate (-39 - -1) + -1724 + 1742.
-20
Calculate 6 - (23 + -5) - (-27 - -36).
-21
-7 + 3 + 0 + -11 + -1 + 3
-13
Calculate (17 + -3 - 11) + -14 + 1.
-10
What is the value of -7 + 30 + 45 + -61?
7
Evaluate -3 + 1 + (0 - 7).
-9
What is the value of (53 - 53) + (15 - 2) + -3?
10
What is 0 + -4 - (-36 - -9) - 10?
13
What is the value of (94 - 95) + (-4 - 0 - 15)?
-20
4 - (-8 - -8 - 3)
7
Calculate (10 - 2) + (0 - (5 + -8)).
11
-7 + (0 - -1) + 1052 + -1057
-11
What is (-1 - 8) + (10 - -6 - 14) + 20?
13
Evaluate (11 - 1) + 2 - 16.
-4
Evaluate 3 - (0 + -13 + -1 + 7).
10
-17 + (24 + -12 - 7)
-12
Evaluate -13 + (-8 - (-5 + -11)).
-5
Calculate (4 - 18) + 16 + -2 + 0 + -13.
-13
Calculate -4 + (5 - -4) - (2 + (-1 - -1)).
3
Evaluate -8 + (-32 - -14) - -16 - -3.
-7
Evaluate 13 + -1 + (-2 - 9) + -119 + 83.
-35
Evaluate -57 - (-7 + -29) - 10.
-31
Calculate (-8 - -5 - 3) + 4 + 6.
4
What is the value of 0 + 15 + (-22 - -23) - 7?
9
What is the value of 10 + (26 - (0 - (-7 + 0))) + -12?
17
What is 27 + -15 - 9 - -20?
23
What is the value of 16 + -38 - -6 - (1 + -10)?
-7
Calculate (-6 - (-6 + 5 + -11)) + 4.
10
What is the value of (18 - 4) + 16 + -23?
7
What is the value of -1 - (0 - 2 - (-31 + 21))?
-9
What is 41 + -13 - (43 + -10)?
-5
Calculate -21 + 58 + (-50 - -33).
20
-14 + -6 + 11 - -5
-4
Evaluate 7 + 0 + (142 - 151).
-2
What is the value of 9 + (8 + -16 - -7) + 7?
15
-4 - -1 - (-24 + (-10 - -14))
17
What is the value of -26 - (12 - (15 + 15))?
-8
What is -9 + (-6 - -31) - (-10 - (-7 - 15))?
4
Calculate 45 + (17 - 24) + -19.
19
Calculate -42 + 46 + 8 + -1 + 5.
16
Evaluate 4 + (1 - 1) + (12 - -104 - 118).
2
What is -18 - (5 + 1 - (-4 - -15))?
-13
What is the value of (-5 - 1) + (20 + -11 - 15)?
-12
What is the value of (14 - (41 + -16)) + (17 - -19)?
25
What is 1 + 1 + -25 + (35 - 15 - 16)?
-19
6 - (28 + -7 + -11)
-4
What is -15 + 0 + (-2 + -9 - (43 + -57))?
-12
Evaluate -10 - -15 - (-2 + 7 - 4).
4
(1 - 12) + 0 + -2 + 80 + -74
-7
What is the value of -6 - (5 - 1) - (5 - (0 - -3))?
-12
Evaluate 28 + 8 + -44 + (27 - 0).
19
80 - 80 - (-16 + (3 - 2) - -3)
12
Calculate 1 - -5 - (-23 - (5 + -24)).
10
What is 7 + -4 + -9 + 2 + 10 + -29?
-23
Evaluate -48 - -27 - 4 - (-1 - 15).
-9
What is the value of (-32 - (-9 - 9)) + -1?
-15
Calculate 3 + -1 - (-10 + (6 - -14)) - 7.
-15
-10 - (8 + -23) - (-1 + 26)
-20
Calculate -1 - (1 - (0 + (1 - 8))) - 9.
-18
Calculate 4 - (45 + (40 - 74)).
-7
Calculate -62 + 53 + (0 - 22).
-31
(-3 - (6 + (5 - 4))) + 9 - -3
2
Evaluate (38 - (52 + -15)) + (-1 - 18).
-18
What is -6 + 4 + -1 + (-4 - -2) + -3?
-8
8 - (2 - 2) - -7
15
14 - (-3 - -47) - ((-9 - -1) + 5)
-27
Calculate -2 + 11 + -6 + -119 + 110.
-6
4 - (1 + 0) - (10 + (-30 - -16))
7
-1 + 5 + 3 - (-79 - -75)
11
(3 + -3 + 5 + -8 - 8) + -6
-17
(0 - -5) + -13 - (-6 + (7 - 14))
5
(-4 - ((-10 - -18 - 1) + -2)) + 7
-2
Calculate 65 + (-22 - 7) - 26.
10
What is 3 - -9 - ((9 + -4 - -4) + -2)?
5
(19 - (-11 + 29)) + 2 + -3 + -1
-1
-15 + 0 + 14 + (8 - 10)
-3
What is the value of 24 + 0 - (-50 - -72)?
2
What is -3 + -1 - (-18 - -6 - -9) - -15?
14
What is the value of -4 - 2 - (-9 - 31 - -18) - 5?
11
8 + -22 - -10 - -17
13
(24 - (6 + 17)) + -7
-6
What is the value of 0 + -1 + 9 + -4776 + 4756?
-12
What is (0 + 8 - (-14 - -17)) + -7 + -1?
-3
What is the value of -1 - -15 - (8 - (11 - 4))?
13
Evaluate 15 + -6 - (10 - -4 - 8).
3
What is (7 - (2 - (7 - 3))) + (33 - 41)?
1
What is the value of -4 + (13 + 7 - (-3 - (-1 - 5)))?
13
Evaluate (1 - (-7 - -6)) + 5 - (-2 - -1).
8
17 + -36 + 19 + 4
4
Calculate (-58 + 16 - -40) + 10 + -2 + 2.
8
Evaluate (-3 - -9) + -17 + 13.
2
What is -2 + 29 - (-120 + 144)?
3
What is -9 - ((-4 - (-14 - -8)) + -12)?
1
-4 - (-7 - (-1 + 5 - (4 + -5)))
8
What is the value of -7 + 5 + -2 + (5 - -3 - 1)?
3
What is -2 + -7 - -8 - (-18 + 19) - 10?
-12
Evaluate -7 - (4 + -2 + 0 - (67 - 63)).
-5
Calculate (9 - (9 - 13)) + -20.
-7
Calculate (4 - (-2 + 6)) + -9 + -1.
-10
What is the value of (-83 - -14) + 22 + 27?
-20
Evaluate (666 - 665) + (-10 - (1 + -1)) - 8.
-17
What is the value of ((36 - 39) + (7 - -1) - -17) + 8?
30
What is the value of 12 + -2 + (-3 - (-1 - 8))?
16
What is the value of 1 - (-6 + 3 + -5 + 5)?
4
Evaluate (-4 + -3 + 2 - 1) + -4 + 1.
-9
Evaluate 21 - -6 - (3 + (1 - (-11 - -5))).
17
What is -6 + (11 - (-10 + 24 - 13))?
4
What is -10 - (13 - (9 - 2 - -16))?
0
Calculate (0 - 31) + -39 + 26 + 28.
-16
Evaluate 22 - (-16 + (20 - (8 + -8 + 10))).
28
Evaluate 8 + 11 + -15 - 5.
-1
What is -2 - -13 - ((8 - 20) + 23) - 4?
-4
Calculate 11 - (-7 + 6 + (7 - (3 - 5))).
3
What is 0 + 8 + -6 + -8 + -2?
-8
What is the value of -3 + -16 + (7 - (-8 - -5)) + 10?
1
What is -11 + 3 - -19 - 15?
-4
19 + (11 - 26) - (-1 + -14)
19
What is (-9 - -5) + 11 - (21 + -5 + 0)?
-9
Evaluate 21 + -1 + (272 - 279).
13
What is 2 + 6 + 27 + -29 - (-23 + 8)?
21
What is -10 - 8 - -9 - (2 + -12)?
1
What is (286 + -281 - (1 + 10)) + (2 - -4)?
0
What is the value of -16 - (-5 + 23 + -22)?
-12
Calculate 55 + 55 + -104 + (-25 - -1).
-18
Evaluate -48 + 47 + -18 + 1 + 6.
-12
(9 - 20 - -1) + 13 - 11
-8
What is (-12 - -9) + -4 + (-4 - -1)?
-10
What is the value of 0 + 28 - (208 - 193)?
13
-12 + (-50 - (-2 + -32))
-28
Evaluate 0 + 0 + -8 + 2 - (-105 + 95).
4
Evaluate 7 - (10 + (11 - 4) + -5).
-5
Calculate 1 - 3 - -14 - 11.
1
5 + 7 + 1 + -3 + 3
13
-36 + -6 + (2 + 0 - (-110 - -95))
-25
Calculate (-2 - 0) + (5 - 2) + 54 + -61.
-6
What is 0 + -6 - ((0 - 6) + -42 + 45)?
-3
What is 2 + -3 + (-30 - (18 + -38))?
-11
What is -8 - -17 - -6 - (13 - 14)?
16
Calculate (6 - (-9 + 7) - 1) + -7 - 16.
-16
18 + 0 + -2 + -11 + -1 + -11
-7
(-46 - -1) + (43 - (4 - -23))
-29
20 + 16 + -20 + -27
-11
Evaluate 14 - (5 + (-7 - -9) + -9).
16
What is the value of (-1 - 0) + 10 + 0 + -13 - 23?
-27
Evaluate (0 + 0 - 1) + 23 + -6 + -16.
0
Calculate -3 + 3 + 8 + -15.
-7
Calculate 0 + -10 - (-136 - -139) - 0.
-13
What is -1 + -2 - 1 - -2 - (67 - 71)?
2
What is (6 + 3 - 1) + (-165 - -156)?
-1
What is the value of 1 - -2 - 10 - (9 + -5)?
-11
Calculate (31 - 12) + -27 - (-9 - 1).
2
What is 3 + (-35 - -24 - 2)?
-10
What is (5 - (-5 + 6)) + (-21 - 1) + 7?
-11
25 - (-2 - (15 + -33))
9
What is the value of (5 - -2 - 5) + -67 + 55?
-10
Evaluate -12 - (-24 - (-23 + 12)).
1
What is the value of 0 + (-92 + 91 - (1 - (3 - 3)))?
-2
Evaluate (-29 + 24 - -16) + (2 - 2) + -5.
6
What is (6 + -10 - -8) + 14 + -1 + -4?
13
5 - (0 + 0 - -7) - (-2 - -14)
-14
41 - (45 + -38) - 12
22
55 + -66 - (0 + -24)
13
Evaluate (134 + -133 - (1 + 7)) + 13.
6
Calculate -7 + 2 - (-2 